
190
Calculate the remainder when 183 is divided by 11.
7
Calculate the remainder when 6529 is divided by 35.
19
Calculate the remainder when 218 is divided by 114.
104
Calculate the remainder when 150 is divided by 129.
21
What is the remainder when 2669 is divided by 271?
230
Calculate the remainder when 28883 is divided by 109.
107
What is the remainder when 1912 is divided by 10?
2
Calculate the remainder when 201 is divided by 16.
9
Calculate the remainder when 235 is divided by 48.
43
What is the remainder when 367 is divided by 82?
39
What is the remainder when 5102 is divided by 22?
20
What is the remainder when 139 is divided by 51?
37
Calculate the remainder when 89 is divided by 9.
8
Calculate the remainder when 442 is divided by 144.
10
Calculate the remainder when 861 is divided by 36.
33
What is the remainder when 2215 is divided by 53?
42
Calculate the remainder when 3478 is divided by 290.
288
Calculate the remainder when 2635 is divided by 91.
87
What is the remainder when 5499 is divided by 916?
3
What is the remainder when 89 is divided by 47?
42
Calculate the remainder when 642 is divided by 43.
40
Calculate the remainder when 72 is divided by 11.
6
What is the remainder when 225 is divided by 42?
15
What is the remainder when 162 is divided by 37?
14
What is the remainder when 49 is divided by 9?
4
What is the remainder when 214 is divided by 102?
10
Calculate the remainder when 13858 is divided by 55.
53
What is the remainder when 116 is divided by 24?
20
What is the remainder when 1602 is divided by 531?
9
What is the remainder when 353 is divided by 83?
21
What is the remainder when 1996 is divided by 994?
8
What is the remainder when 144 is divided by 7?
4
Calculate the remainder when 105 is divided by 30.
15
Calculate the remainder when 243 is divided by 35.
33
Calculate the remainder when 2568 is divided by 66.
60
Calculate the remainder when 169 is divided by 31.
14
What is the remainder when 9210 is divided by 29?
17
Calculate the remainder when 7587 is divided by 14.
13
What is the remainder when 785 is divided by 348?
89
What is the remainder when 34563 is divided by 21?
18
Calculate the remainder when 296 is divided by 15.
11
What is the remainder when 321 is divided by 12?
9
Calculate the remainder when 405 is divided by 12.
9
What is the remainder when 1009 is divided by 127?
120
Calculate the remainder when 181 is divided by 94.
87
What is the remainder when 43 is divided by 15?
13
Calculate the remainder when 97 is divided by 45.
7
Calculate the remainder when 6320 is divided by 43.
42
What is the remainder when 516 is divided by 58?
52
What is the remainder when 2803 is divided by 311?
4
What is the remainder when 56 is divided by 21?
14
What is the remainder when 481 is divided by 232?
17
Calculate the remainder when 1361 is divided by 38.
31
What is the remainder when 643 is divided by 161?
160
Calculate the remainder when 1679 is divided by 19.
7
Calculate the remainder when 128 is divided by 63.
2
What is the remainder when 6578 is divided by 17?
16
What is the remainder when 351 is divided by 338?
13
Calculate the remainder when 627 is divided by 10.
7
What is the remainder when 1887 is divided by 159?
138
What is the remainder when 360 is divided by 152?
56
Calculate the remainder when 113 is divided by 34.
11
Calculate the remainder when 2307 is divided by 14.
11
What is the remainder when 10 is divided by 4?
2
What is the remainder when 17 is divided by 2?
1
Calculate the remainder when 1317 is divided by 40.
37
What is the remainder when 55 is divided by 15?
10
Calculate the remainder when 430 is divided by 16.
14
What is the remainder when 3369 is divided by 10?
9
Calculate the remainder when 630 is divided by 46.
32
What is the remainder when 184 is divided by 37?
36
What is the remainder when 246 is divided by 32?
22
Calculate the remainder when 263 is divided by 12.
11
What is the remainder when 9259 is divided by 16?
11
Calculate the remainder when 354 is divided by 119.
116
Calculate the remainder when 57 is divided by 8.
1
Calculate the remainder when 461 is divided by 228.
5
Calculate the remainder when 902 is divided by 178.
12
What is the remainder when 643 is divided by 27?
22
What is the remainder when 760 is divided by 272?
216
Calculate the remainder when 728 is divided by 40.
8
What is the remainder when 3127 is divided by 1027?
46
Calculate the remainder when 588 is divided by 157.
117
What is the remainder when 779 is divided by 12?
11
Calculate the remainder when 300 is divided by 48.
12
What is the remainder when 2642 is divided by 659?
6
Calculate the remainder when 338 is divided by 31.
28
What is the remainder when 160 is divided by 37?
12
Calculate the remainder when 113 is divided by 58.
55
What is the remainder when 168 is divided by 45?
33
What is the remainder when 458 is divided by 19?
2
What is the remainder when 560 is divided by 27?
20
Calculate the remainder when 130 is divided by 11.
9
What is the remainder when 774 is divided by 52?
46
Calculate the remainder when 12502 is divided by 24.
22
What is the remainder when 36494 is divided by 45?
44
What is the remainder when 866 is divided by 107?
10
Calculate the remainder when 230 is divided by 41.
25
What is the remainder when 190 is divided by 16?
14
What is the remainder when 103 is divided by 13?
12
What is the remainder when 774 is divided by 181?
50
Calculate the remainder when 1211 is divided by 132.
23
What is the remainder when 346 is divided by 81?
22
Calculate the remainder when 218 is divided by 38.
28
What is the remainder when 86 is divided by 19?
10
What is the remainder when 711 is divided by 7?
4
What is the remainder when 37504 is divided by 141?
139
What is the remainder when 4982 is divided by 172?
166
What is the remainder when 1260 is divided by 38?
6
Calculate the remainder when 204 is divided by 10.
4
Calculate the remainder when 2673 is divided by 885.
18
What is the remainder when 169 is divided by 40?
9
What is the remainder when 148 is divided by 59?
30
What is the remainder when 218 is divided by 113?
105
What is the remainder when 76 is divided by 22?
10
Calculate the remainder when 41 is divided by 17.
7
What is the remainder when 155 is divided by 79?
76
Calculate the remainder when 1258 is divided by 30.
28
What is the remainder when 582 is divided by 193?
3
Calculate the remainder when 1131 is divided by 516.
99
What is the remainder when 72 is divided by 25?
22
Calculate the remainder when 117 is divided by 57.
3
Calculate the remainder when 162 is divided by 29.
17
What is the remainder when 337 is divided by 169?
168
What is the remainder when 67 is divided by 18?
13
Calculate the remainder when 13618 is divided by 12.
10
What is the remainder when 386 is divided by 198?
188
What is the remainder when 7481 is divided by 58?
57
Calculate the remainder when 431 is divided by 63.
53
What is the remainder when 1088 is divided by 75?
38
Calculate the remainder when 1037 is divided by 10.
7
What is the remainder when 3051 is divided by 86?
41
What is the remainder when 1226 is divided by 34?
2
What is the remainder when 770 is divided by 308?
154
What is the remainder when 87 is divided by 34?
19
Calculate the remainder when 866 is divided by 66.
8
What is the remainder when 468 is divided by 80?
68
Calculate the remainder when 5486 is divided by 46.
12
Calculate the remainder when 197 is divided by 50.
47
What is the remainder when 35 is divided by 21?
14
Calculate the remainder when 512 is divided by 9.
8
What is the remainder when 35 is divided by 6?
5
What is the remainder when 313 is divided by 30?
13
What is the remainder when 153 is divided by 48?
9
Calculate the remainder when 551 is divided by 188.
175
What is the remainder when 381 is divided by 79?
65
What is the remainder when 67 is divided by 5?
2
What is the remainder when 33 is divided by 23?
10
Calculate the remainder when 197 is divided by 143.
54
What is the remainder when 959 is divided by 457?
45
Calculate the remainder when 948 is divided by 14.
10
What is the remainder when 443 is divided by 137?
32
Calculate the remainder when 462 is divided by 117.
111
Calculate the remainder when 305 is divided by 34.
33
Cal